6, 284 = 4*a - 2*r. List the prime factors of a.
73
Let d(z) = z**3 + 3*z**2 + 3*z + 2. Let m be d(-3). Let p = m - -11. What are the prime factors of (-2 - (p + -5))*-27?
3
Let g(l) = 31*l - 131. List the prime factors of g(36).
5, 197
Let i(a) = a**2 - 8*a + 11. Let h be i(7). Suppose -h*p + 1336 - 556 = 0. What are the prime factors of p/27 - 6/27?
7
List the prime factors of (-10 + (-20)/(-3))*(-1 + -287).
2, 3, 5
Let u(j) = -4*j - 12. Let s(n) = n + 1. Let d(b) = -3*s(b) - u(b). Let x be d(-11). What are the prime factors of (-12 + 8)*1/x?
2
Suppose 0 = j - 6*j - 260. Let w = 66 + -164. Let d = j - w. List the prime factors of d.
2, 23
Let u(v) = 23*v**2 + v - 1. Let y be u(1). Suppose 0 = 25*r - y*r - 124. List the prime factors of r.
2, 31
Let x(s) = 398*s**3 + 2*s**2 - 8*s + 7. List the prime factors of x(2).
3, 1061
Let y = 101 + -79. Suppose 3*p + j - 2*j = y, 3*j - 12 = -4*p. List the prime factors of p.
2, 3
Suppose -7*k + 108 = -19779. What are the prime factors of k?
3, 947
Let p = 68 + -41. Let k = -4 + p. Suppose 5*l - k = -3. List the prime factors of l.
2
Suppose -5*v + b = 91 + 11, 5*b = -4*v - 99. Let l be -2 - v/3*2. Let r = 13 + l. List the prime factors of r.
5
Let h be (-66)/4 - (-5)/(-10). Let z = 17 + h. Suppose t - 4*t + 108 = z. List the prime factors of t.
2, 3
Suppose 0*m + 2*k = -m + 365, 4*k = 2*m - 738. What are the prime factors of m?
367
Let u(g) = -333*g**3 + g**2 - 2*g - 2. List the prime factors of u(-1).
2, 167
Suppose 417 = 5*d + 4*j, 2*d + 2*j = -j + 164. Let q = 155 - d. What are the prime factors of q?
2, 5, 7
Let r be ((-36)/21)/(60/(-210)). Suppose -5*a = -1318 - 162. List the prime factors of a/r*(-6)/(-4).
2, 37
Suppose 2 + 19 = 7*m. Suppose 0 = 3*i - i + t - 115, m*i - 3*t = 195. List the prime factors of i.
2, 3, 5
Suppose 0 = -5*j - 2*g + 9295, -5563 = -3*j + 22*g - 26*g. List the prime factors of j.
1861
Suppose -5*y - y = -60. Suppose y + 15 = 5*x - 3*s, x - 2*s - 12 = 0. What are the prime factors of x?
2
Let h be 22/3 - (-5)/(-15). Let g(f) = 18*f - 13. What are the prime factors of g(h)?
113
Let m(r) = -r**3 - 2*r**2 - r + 2. Let h be m(-2). Suppose 5*w - 41 - h = 0. What are the prime factors of w?
3
Suppose 8 = 3*v - 1. Let f(x) = 2*x**2 - 4*x**v - 1 + 2*x**3 - 11*x**3. List the prime factors of f(-1).
2, 7
Suppose -k + 6 = 2. Let j(h) = -h**2 + 5*h - 2. Let o be j(k). List the prime factors of 1*o*(-92)/(-8).
23
Suppose -9*k = -35 - 1. Suppose -y = -c - 145, -500 = -k*y - 5*c + 89. List the prime factors of y.
2, 73
Let v = -142 + 101. Let x = -17 - v. Suppose 2*l = 4*b - x, 15 + 1 = -4*l. What are the prime factors of b?
2
Suppose 10*y = 8331 - 3191. List the prime factors of y.
2, 257
What are the prime factors of (-655 + 5)*10/25*-1?
2, 5, 13
Suppose 2*g = q - 256, -5*q + 24*g - 28*g + 1252 = 0. What are the prime factors of q?
2, 3, 7
Let t be (2 - 1)/((-33)/(-9) + -4). Let s(f) = -32*f + 12. List the prime factors of s(t).
2, 3
Suppose 0 = -4*z + 19 - 3. Suppose 0*j = -2*l + 2*j - z, -3*l = -4*j + 8. Let y = l - -6. List the prime factors of y.
2, 3
Let q be -4*(103/(-4) + -1). Suppose -69 - q = -2*k. Suppose k = 5*a + 28. What are the prime factors of a?
2, 3
Suppose -4*q + 30 = 2*r, -25 = -3*q + 2*r - 6*r. Suppose 0 = 4*i - q*i - 12. What are the prime factors of 2/((-32)/156)*i?
3, 13
Let c = -19 - 3. Let q = 11 + c. Let n(x) = -x**3 - 10*x**2 + 6*x + 1. List the prime factors of n(q).
2, 7
Let f = -5 - 4. Let t = 157 - 264. What are the prime factors of t/(-3) - 3/f?
2, 3
Let x(n) be the first derivative of 3*n**2/2 + 6*n - 18. List the prime factors of x(11).
3, 13
Let y = 1026 + 475. List the prime factors of y.
19, 79
Let m be (-2)/4*-2*-36. Let c be 20/9 - (-8)/m. Suppose -3*l + 5*p + 64 = 0, -c*l - 2*p + 4*p = -44. List the prime factors of l.
23
Let z = 23 - 20. Suppose -5*w + 4*c = -248 - 90, 258 = 4*w + z*c. List the prime factors of w.
2, 3, 11
Suppose -765 = -6*d + 9003. List the prime factors of d.
2, 11, 37
Let h(q) = -10*q**2 - 2*q - 6. Let y(f) = -f**2 + 1. Let j(k) = -h(k) - y(k). What are the prime factors of j(3)?
2, 5, 11
Let v = -69 - -62. Let u(w) = 4*w**2 + 20*w + 4. List the prime factors of u(v).
2, 3, 5
Suppose -2*c - 5*o + 0 = -77, -2*c - 2*o = -74. Let h be 2/(8/c) - 0. Suppose h*p = 5*p + 28. List the prime factors of p.
7
Suppose 3 = 6*s - 9. Suppose v - 4*b = -0*b + 87, -154 = -2*v - s*b. What are the prime factors of v?
79
Let u(k) = k**3 + 20*k**2 + 7*k + 32. What are the prime factors of u(-9)?
2, 5, 43
Let s(n) = -102*n - 475. List the prime factors of s(-18).
1361
Suppose 25 = 3*b + 2*b. Suppose 0 = c - b*c + 152. List the prime factors of c.
2, 19
Let x be 4/(12/(-33)) - 1. Let w = 81 - x. List the prime factors of w.
3, 31
Suppose -2*z = z, 5*z = -t + 3. Suppose 4*h - t*w + 2*w = 110, -4*h + 3*w + 106 = 0. What are the prime factors of h?
2, 7
Let k = -138 - -206. Suppose r + 3*f - 53 = -0*r, -r + k = -2*f. List the prime factors of r.
2, 31
Let u(g) = 15*g**2 + 4*g - 1. Let i(y) = 3*y - 32. Let m be i(10). What are the prime factors of u(m)?
3, 17
Let z(k) = -k - 4. Let v be z(-9). Let m = 5 - v. Suppose 2*h + 0 - 16 = m. List the prime factors of h.
2
Suppose -3*j + 12 = -3. Let v be -1*(-8)/(-28) - 92/(-28). Suppose 3*k + 5*f = 45, v*f - 115 = -j*k + 8*f. List the prime factors of k.
2, 5
Let w(v) = -v**2 - 15*v - 6. Let m = 55 + -85. Let n = m - -16. What are the prime factors of w(n)?
2
Let o = 66 - 41. Suppose -4*g + 5*t = -163, t = -4*t + o. What are the prime factors of g?
47
Let a(r) = 5 + 1356*r + 72*r**2 - 1353*r + 164*r**2. What are the prime factors of a(-1)?
2, 7, 17
Suppose -3*b = -3*c - 36, -3*c + 76 = 2*b + 2*b. Let z(l) = -l**3 + 16*l**2 + l + 16. What are the prime factors of z(b)?
2
Let g(t) = t**3 + 13*t**2 - 15*t - 52. What are the prime factors of g(-10)?
2, 199
Suppose 0*a - 3*a - 7964 = -4*p, -5*p + 2*a + 9955 = 0. List the prime factors of p.
11, 181
Let c = -822 - -3756. List the prime factors of c.
2, 3, 163
List the prime factors of (22 + -2416)/((-18)/12).
2, 3, 7, 19
Let y(b) be the second derivative of b**3/6 + 5*b**2 + 7*b. What are the prime factors of y(7)?
17
Let d be 4439/5 - 1/(-5). Let f = d + -599. What are the prime factors of f?
17
Let z(q) = 2*q**2 + 28*q - 16. List the prime factors of z(-25).
2, 3, 89
Suppose 20*i - 7801 = 14319. What are the prime factors of i?
2, 7, 79
Suppose -3*f = 5*g - 6*g - 10574, -14082 = -4*f - 2*g. What are the prime factors of f?
13, 271
Suppose 0 = -q + 6*q - 90. List the prime factors of q/117 - 1753/(-13).
3, 5
Let c(i) = -13*i. Suppose 4*f + 4 = q + 2, -6 = 4*q - 2*f. Let p be c(q). Suppose 16 = 4*v - 2*x, v + 6*x = x + p. What are the prime factors of v?
2, 3
Let l = -2153 + 2265. What are the prime factors of l?
2, 7
Let z = -21 - -21. Suppose -l + 59 + 45 = z. Suppose l = 3*x + 5*q, 2*q = 3 + 5. What are the prime factors of x?
2, 7
Let n = 852 - -582. What are the prime factors of n?
2, 3, 239
Suppose -c - 2*s = -76, -3*c + 228 = 6*s - 10*s. What are the prime factors of c?
2, 19
List the prime factors of 1*((-39)/9)/(6/(-18)).
13
Suppose 22*d + 5*d - 5562 = 0. Suppose 0 = -2*s + 7 + 1, -2*r + 2*s = 288. Let m = r + d. List the prime factors of m.
2, 3, 11
Let t(g) = -g + 4. Let x be (1/(-3))/(3/(-36)). Let p be t(x). List the prime factors of (p + -2)/((-2)/29).
29
Suppose 0 = -37*u + 162377 + 27544. What are the prime factors of u?
3, 29, 59
Suppose -5*k = 2*m + 34, k - 2*m + 3 - 1 = 0. Let j(v) = 7*v**2 + 4*v + 7. Let l(u) = u**3 - u**2 - 1. Let z(w) = -j(w) - l(w). List the prime factors of z(k).
2, 3
Suppose l = -9*v + 5*v + 1044, -2*v + 532 = 3*l. List the prime factors of v.
2, 5, 13
Let r be ((-108)/45)/(6/(-140)). Let x be 2/(-8) - (-686)/r. What are the prime factors of (-1 + 13/2)*x?
2, 3, 11
Let h(n) = 73*n - 6. Let q be h(4). Suppose 2*b - q = -86. What are the prime factors of b?
2, 5
Let h = 1785 - 777. List the prime factors of h.
2, 3, 7
What are the prime factors of (1/2)/((-23)/(-17664))?
2, 3
Suppose -3*h + 69 = -2*l - 10, -h = l - 23. Suppose -5 = -z + h. What are the prime factors of z?
2, 3, 5
Suppose -5*q + o = -3*o - 430, -5*q + 460 = 2*o. Suppose -2*d + 3*k + 91 = 0, -2*k = -3*d + 54 + q. What are the prime factors of d?
2, 5
Let x(